. What is the highest common divisor of 1420 and m?
20
Let a = 17 + -18. Let n be a + (-1)/(-4)*4. Suppose 3*p = -5*l + 22 - 6, -5*l + p + 8 = n. What is the highest common divisor of 18 and l?
2
Let b be (-3)/(-12) - 7/(-4). Suppose 4*v + 3*h = 1, -3*h = -b*v - 0*v + 23. Let s = 10 - -2. What is the highest common factor of v and s?
4
Let l be 12/(-3) - (-8 - 0/(-1)). Suppose -272 = l*w - 8*w. Calculate the highest common factor of w and 102.
34
Let c = -8 - 3. Let w = 109 - c. What is the highest common factor of w and 48?
24
Let u(v) = -v**2 - 17*v - 21. Let n(k) = k. Let j(i) = -n(i) - u(i). Let o be j(-16). What is the highest common divisor of o and 7?
7
Let m = -99 + 101. Suppose m*b - 16 = -3*q, 3*b + 6 = -4*q + 28. Calculate the greatest common divisor of 2 and q.
2
Let m(u) = u - 4. Let t be m(9). Suppose 7 = -5*p + 5*v + 32, -5*v + t = 0. Let g = 72 - 42. What is the greatest common divisor of g and p?
6
Let o be (4 - 1)*-1 + -217. Let a be 0/(-1) - o/10. Let s(g) = -34*g - 1. Let r be s(-1). Calculate the greatest common divisor of r and a.
11
Let i(v) = -v**3 - 5*v**2 - 5*v + 4. Let s be i(-4). Let q be (188 - -8)*((-96)/(-42) - 2). What is the highest common factor of s and q?
8
Let q = 470 - 469. What is the highest common factor of q and 9?
1
Let l = 51 - 43. Calculate the highest common divisor of 40 and l.
8
Let o(s) = 12 + 11*s**2 + 4*s - 3*s**2 - 3*s - s**3 - 2*s**2. Let u be o(6). Calculate the greatest common divisor of u and 18.
18
Suppose -2*d - a + 245 = -0*a, -614 = -5*d - a. Calculate the highest common factor of 41 and d.
41
Let i = -632 - -658. Calculate the highest common factor of i and 13.
13
Let a be 0*(15/6 + -3). Suppose a = -2*h + 4*b + 62, 4*b + 12 = -0*b. What is the greatest common factor of h and 5?
5
Suppose -p + n = -2*n - 283, -p + 287 = -n. What is the highest common divisor of 17 and p?
17
Let h(l) = -l + 21. Let j = 36 + -28. Let r be h(j). Calculate the greatest common factor of 52 and r.
13
Let d(j) = 9*j - 480. Let m be d(60). What is the highest common divisor of m and 114?
6
Let j(v) = -4 - 2*v + 5 - 3. Suppose 39*b + 214 + 176 = 0. Let y be j(b). Calculate the highest common divisor of y and 198.
18
Let m = -10 + 14. Let q(v) = 2*v**2 - 4*v + 2. Let z be q(m). Suppose 62 = j - 136. What is the highest common divisor of z and j?
18
Let h(n) = 2*n - 11. Let q be h(-4). Let t = q + 39. What is the greatest common factor of t and 50?
10
Suppose 2*c = 47 + 51. Suppose 42 = 4*g + 14. Calculate the greatest common divisor of c and g.
7
Let v be ((-845)/(-39))/5*3*3. What is the greatest common divisor of v and 390?
39
Let g = 17 - -393. Calculate the greatest common factor of g and 10.
10
Suppose -4*r = 0, -2*a - 4*r = -r - 76. Suppose 62*q + a = 64*q. Calculate the greatest common factor of 19 and q.
19
Let s = -177 + 110. Let i = s + 235. Let w be -48*1*(-1)/2. What is the greatest common divisor of i and w?
24
Let y be (-2)/(-10) + 1392/40. Suppose -3*f = -15, 2*u + 2*f + 7 = y. Let r(d) = 3*d**2 + d - 3. Let z be r(3). What is the greatest common divisor of u and z?
9
Let r = -92 + 209. Suppose -3*s + 189 + 477 = 0. Let j = s - r. What is the highest common factor of j and 15?
15
Let h(z) = z**2 - 2*z + 1. Let r be h(1). Suppose r = -d + 3. Suppose 0 = -d*c + 14 + 13. Calculate the highest common divisor of c and 27.
9
Let p(i) = -i**2 + 3*i + 7. Let s be p(6). Let v(y) = -y**3 - 9*y**2 + 22*y + 7. Let h be v(s). Calculate the greatest common factor of 28 and h.
7
Suppose 3*w + 5*x - 7 = 0, 0 = -23*w + 21*w + 2*x + 26. Suppose m - 3 = -2*m. Calculate the greatest common divisor of w and m.
1
Suppose 48*f + 10 = 50*f. Suppose 39 = f*m - 11. What is the greatest common factor of 40 and m?
10
Suppose -7*k + 134 - 36 = 0. Let i be ((-6)/k - (-45)/(-42))*-6. What is the highest common divisor of i and 9?
9
Let x(y) = -8*y - 16. Let t be 0 + 3*4/((-8)/6). Let a be x(t). What is the greatest common factor of 14 and a?
14
Suppose 11*x + 532 = 15*x. Let g = x - 67. Calculate the highest common factor of g and 44.
22
Suppose 0 = 5*n - 15. Let w = 3 - -24. Calculate the highest common factor of n and w.
3
Let k = -71 + 65. Let j be (-1 + 27/15)/(k/(-165)). Let z be 3/2*12/9. Calculate the highest common divisor of z and j.
2
Suppose -2*b + 2 = -m + 15, -3*m = -4*b - 31. Let i be -2*(-3)/b*-22. What is the greatest common factor of i and 3?
3
Let o = 431 + -90. Calculate the highest common factor of 11 and o.
11
Suppose 5*c - 96 = 4*k, 97 = 5*c - 3*k - 0*k. Let z be 2 + (-2)/(-4)*22. Suppose -11 = -3*y + z. Calculate the greatest common divisor of y and c.
4
Let f(m) = -2*m**3 - 9*m**2 - 2. Suppose -42 = -y + 7*y. Let q be f(y). Calculate the greatest common factor of q and 9.
9
Let c be 5/(-4)*6/30*-12. Suppose 0 = -2*u - c*i + 9, 3*u - 2*i - 46 = -0*i. Calculate the greatest common factor of u and 6.
6
Let y(v) = 6*v**2 + 5*v - 6. Let h be y(4). Suppose -2*p = 5*k - 16 - 35, 5*k = 2*p + 59. What is the highest common factor of h and k?
11
Suppose -48 = y - 321. Let o = y - 165. Suppose 0 = -a + 2*a - o. What is the greatest common factor of 12 and a?
12
Let h(v) = -6*v + 3. Let w(x) = 3*x - 4. Let t(q) = 2*h(q) + 3*w(q). Let j be -1 + (0 + 2)*-1. Let b be t(j). Calculate the highest common factor of 1 and b.
1
Suppose -51 = -3*c - 4*n, 83*c - 88*c - 5*n + 80 = 0. What is the greatest common factor of 7 and c?
1
Let x = -187 + 226. Calculate the highest common factor of x and 156.
39
Let o(u) = -2*u + u + 17*u. Suppose 2*w + 3*b + 17 = 7*w, -4*w - b = 0. Let q be o(w). Calculate the greatest common factor of 176 and q.
16
Let p be 8*((-9)/2)/3. Let k be (p/(-8) - 2)*-132. Calculate the highest common divisor of 44 and k.
22
Suppose 70*t = 68*t + 40. Suppose k - 55 = -5*w, -5*k + t = 5*w - 15. Suppose 13 = 3*z + 4. Calculate the highest common divisor of w and z.
3
Suppose -721*j + 719*j = -88. Calculate the greatest common divisor of 121 and j.
11
Suppose -6*l = 6 - 54. What is the greatest common divisor of 272 and l?
8
Suppose -11*l - 21*l + 320 = 0. Calculate the highest common factor of l and 1310.
10
Let v be -4 - (4 + (-89 - 2)). Suppose -57 = -2*c - 3*a, c + 5*a - v = -2*c. Calculate the greatest common divisor of c and 18.
18
Suppose 3*u + 21 = 4*u. Suppose 337 = 2*s - 3*r + 4*r, -5*r = -s + 163. What is the greatest common factor of s and u?
21
Let v = 5 - -5. Suppose -3*c + 5*w = -375, v*c - 5*w - 625 = 5*c. Calculate the highest common factor of c and 50.
25
Let z(n) = -n**3 - n**2 - n + 4. Let t be z(5). Let y = -91 - t. Calculate the highest common factor of y and 24.
12
Suppose 11 = o - 0. Suppose 16*r - 13*r - 3 = 0. Let z(a) = 122*a**2 - 4*a + 3. Let d be z(r). What is the greatest common factor of d and o?
11
Let k = 1359 + -1356. What is the highest common factor of k and 11?
1
Let b = 83 + 4. Calculate the highest common divisor of b and 29.
29
Let i = 13 - 7. Suppose -2 = -j + 5*q - i, -2*j + 1 = -q. What is the greatest common divisor of 2 and j?
1
Suppose -f + 68 = 2*m, -3*f - 69 = -3*m + 24. What is the greatest common divisor of m and 11?
11
Suppose -20 = 6*n - 50. Suppose -v = 1, -6*v - 552 = -n*m - 4*v. What is the highest common factor of 22 and m?
22
Let o(s) = 4*s**2 - 5*s + 3. Let a be o(3). Suppose -5*m = -5*x - 25 + 135, 5*x - 124 = -2*m. What is the greatest common divisor of a and x?
24
Let x be (5 - 35/10)*2. Suppose x*k = d + 114, k + d = 56 - 14. Calculate the highest common factor of 156 and k.
39
Let c = 10 - -4. Suppose 48 = -10*o + c*o. Suppose -4*u = -5*r + 200, -2*u + 113 = 3*r - 3*u. Calculate the greatest common divisor of o and r.
12
Suppose -1368 = -58*b + 40*b. What is the highest common factor of b and 2508?
76
Suppose 7 = -g + 15. Let h be ((-50)/5)/(1/(-4)). Calculate the highest common factor of h and g.
8
Suppose -8*x - 3*v + 11 = -3*x, 4*x + 4*v - 4 = 0. Suppose 2 + 14 = -x*c. Let i be (-2)/(c + (-10)/(-3)). What is the highest common factor of i and 3?
3
Let h = 282 + 103. Let i be (h/10 - -4)/(1/4). What is the greatest common divisor of 68 and i?
34
Suppose -12*u + 10*u = -3*p - 145, -5*p = -5*u + 375. Let o be (-384)/18*6/(-4). What is the greatest common factor of u and o?
16
Suppose 0*p = 2*p - 22. Suppose -p = -3*f - 2. Suppose -f*n + 2*n = 